2438
What is the highest common divisor of 4259046 and 517?
517
What is the highest common factor of 42160268 and 16970?
3394
Calculate the greatest common divisor of 1370 and 8043818.
274
Calculate the greatest common divisor of 29523 and 25146783.
2271
What is the greatest common factor of 595411065 and 495?
45
What is the greatest common factor of 2954 and 15068354?
2954
What is the highest common divisor of 236 and 11690260?
236
Calculate the greatest common factor of 49514211 and 6.
3
Calculate the highest common divisor of 2152152 and 2982.
426
What is the highest common divisor of 6478280 and 2400?
40
What is the greatest common divisor of 8 and 95956856?
8
What is the highest common divisor of 700185 and 8665?
5
Calculate the greatest common factor of 28253 and 19076.
19
What is the greatest common divisor of 10435788 and 792?
396
Calculate the greatest common divisor of 35498220 and 7740.
2580
What is the greatest common divisor of 55 and 1529176?
11
Calculate the greatest common divisor of 147879 and 1647.
27
What is the greatest common divisor of 3878853 and 363?
33
Calculate the highest common factor of 99 and 5968773.
9
Calculate the greatest common factor of 2197 and 155311.
169
What is the highest common factor of 3411 and 470955633?
1137
Calculate the greatest common divisor of 19671 and 55853.
79
What is the greatest common divisor of 2903292 and 574?
574
Calculate the greatest common factor of 120 and 88374792.
24
Calculate the highest common factor of 4466 and 1516018.
14
What is the greatest common divisor of 23104099 and 995?
199
What is the greatest common factor of 10184 and 22382288?
536
What is the greatest common divisor of 11091003 and 5643?
627
Calculate the highest common factor of 55 and 784755510.
55
What is the highest common divisor of 20892997 and 1277?
1277
Calculate the highest common divisor of 279 and 6478551.
9
What is the greatest common divisor of 8 and 5399648?
8
What is the highest common factor of 1581 and 14285389?
527
Calculate the highest common factor of 1450 and 3196293.
29
Calculate the highest common divisor of 14595 and 24759.
21
What is the highest common divisor of 2035220 and 84700?
2420
What is the highest common divisor of 594394782 and 6?
6
Calculate the greatest common divisor of 671289 and 114.
57
What is the highest common factor of 182910260 and 32890?
2990
Calculate the highest common factor of 486 and 34784.
2
Calculate the greatest common factor of 2 and 96851494.
2
Calculate the greatest common factor of 332 and 5379313.
83
Calculate the highest common divisor of 1126410193 and 19.
19
What is the greatest common divisor of 33 and 93588231?
33
Calculate the greatest common divisor of 259370 and 555.
185
Calculate the greatest common divisor of 466701 and 22083.
51
Calculate the greatest common divisor of 11071 and 309.
1
What is the highest common divisor of 67859318 and 17154?
1906
What is the greatest common divisor of 360 and 3020940?
180
What is the greatest common factor of 80 and 1198165?
5
What is the highest common factor of 29137124 and 1882?
1882
What is the highest common divisor of 582330 and 18762?
354
Calculate the greatest common factor of 258835542 and 3444.
1722
What is the greatest common factor of 4286050031 and 83?
83
What is the highest common divisor of 7411338 and 1376629?
4159
Calculate the greatest common factor of 45 and 239678037.
9
What is the highest common factor of 26590 and 10760?
10
Calculate the greatest common factor of 305648 and 1116161.
2729
What is the greatest common factor of 65 and 271297?
13
Calculate the greatest common factor of 223341165 and 15.
15
What is the highest common factor of 360791 and 1135989?
1117
What is the greatest common factor of 5610 and 430110?
30
What is the greatest common factor of 100 and 15844540?
20
What is the highest common factor of 49154 and 9527?
7
What is the greatest common factor of 375992 and 301?
43
What is the highest common factor of 5 and 27395?
5
What is the greatest common factor of 301094 and 19880180?
1994
Calculate the highest common factor of 24990 and 44877042.
4998
Calculate the highest common factor of 71776194 and 2690.
538
What is the highest common factor of 2579936 and 89984?
1184
Calculate the greatest common factor of 63219 and 248183.
13
What is the highest common factor of 2016 and 5149080?
72
What is the highest common divisor of 7974310 and 126085?
755
Calculate the highest common divisor of 1095753750 and 6650.
6650
Calculate the highest common divisor of 8385 and 2555490.
645
Calculate the highest common factor of 158656 and 200512.
64
Calculate the highest common divisor of 94783 and 9820343.
4121
What is the greatest common factor of 17582334 and 336?
42
What is the greatest common factor of 6726 and 1692?
6
What is the highest common factor of 714445 and 117605?
215
Calculate the greatest common divisor of 312626 and 1317186.
866
Calculate the greatest common divisor of 257110579 and 33284.
8321
Calculate the highest common factor of 2595085 and 25.
5
What is the greatest common divisor of 1113 and 448658091?
1113
Calculate the greatest common divisor of 302 and 2070059.
151
What is the greatest common divisor of 6766 and 367553?
199
Calculate the highest common divisor of 2199509 and 26.
13
Calculate the greatest common divisor of 221076 and 158292.
36
Calculate the greatest common divisor of 168150177 and 2301.
2301
Calculate the highest common factor of 227 and 67660301.
227
Calculate the greatest common factor of 2271123 and 1939.
277
Calculate the greatest common factor of 1764 and 2841020.
196
What is the greatest common divisor of 684 and 7201456?
76
What is the greatest common factor of 127570 and 20?
10
Calculate the greatest common factor of 149237786 and 13407.
4469
What is the greatest common divisor of 8349 and 7309929?
759
What is the greatest common factor of 491932 and 614?
2
Calculate the greatest common divisor of 30240 and 750330.
1890
Calculate the highest common factor of 26 and 16818646.
26
Calculate the greatest common divisor of 12137 and 79553.
53
What is the highest common divisor of 566 and 154180947?
283
What is the highest common divisor of 2410 and 46447930?
2410
What is the highest common divisor of 65046 and 8868?
6
Calculate the greatest common factor of 207095 and 18501.
7
Calculate the highest common divisor of 57299273 and 1073.
1073
What is the highest common divisor of 4308 and 41487117?
1077
Calculate the highest common divisor of 14 and 3166996.
14
What is the greatest common factor of 148 and 73616?
4
What is the highest common divisor of 634678 and 4318?
34
What is the greatest common divisor of 51 and 39210?
3
What is the greatest common factor of 104 and 6704412?
52
Calculate the highest common divisor of 219158465 and 35.
5
Calculate the highest common factor of 2050080 and 2790.
30
What is the greatest common factor of 174 and 3825999?
87
What is the greatest common factor of 696969 and 3?
3
What is the greatest common divisor of 180 and 2333727?
9
Calculate the greatest common factor of 216 and 98194104.
72
What is the greatest common divisor of 1118646354 and 28?
14
What is the highest common factor of 56 and 50739388?
28
Calculate the highest common factor of 94362 and 1614.
6
What is the highest common divisor of 2736 and 142493616?
2736
Calculate the greatest common divisor of 7332 and 1521468.
156
Calculate the highest common divisor of 11125 and 8575.
25
Calculate the highest common factor of 32600784 and 1536.
48
What is the highest common divisor of 152591 and 1932512?
461
What is the highest common divisor of 14903224 and 14?
14
Calculate the highest common divisor of 4262 and 16474761.
2131
Calculate the greatest common factor of 16947880 and 208.
8
Calculate the highest common factor of 120357559 and 4816.
301
What is the highest common divisor of 2318385 and 9525?
1905
Calculate the highest common factor of 38 and 70806787.
19
What is the greatest common divisor of 49 and 5619096168?
49
What is the highest common divisor of 149131 and 1500829?
3173
Calculate the greatest common divisor of 3813 and 10015029.
123
What is the highest common factor of 3541802 and 98698?
1618
Calculate the highest common divisor of 